1. Determine r(-18).
7
Let w(a) = a**3 + 8*a**2 + 19*a + 4. Calculate w(-6).
-38
Let v(p) = -p**2 + p - 1. Determine v(-3).
-13
Let q(h) = -h**2 - 23. What is q(0)?
-23
Let w(a) = 2*a**2 - 25*a + 34. Calculate w(10).
-16
Let y(v) = v**2 + 3*v + 1. Determine y(-2).
-1
Let f(z) = -6*z + 4. Determine f(5).
-26
Let p(k) = -12*k - 2. Calculate p(-3).
34
Let x(g) = -16*g - 97. Calculate x(-6).
-1
Let g(w) = 8*w**3 + 3*w - 3. Determine g(1).
8
Let v(x) = 2*x**2 - 17*x + 27. Give v(7).
6
Let c(v) = -v**3 + 5*v**2 - 7*v + 8. Determine c(5).
-27
Let i(g) = -29*g - 22. What is i(-1)?
7
Let i(k) = 3*k**3 + 4*k**2 - 4*k - 1. What is i(1)?
2
Let r(t) = 2*t**3 - t**2 - 3*t + 1. Determine r(-2).
-13
Let o(f) = -f**2 - 5*f - 4. What is o(-3)?
2
Let l(a) = a**3 - 4*a**2 - 6*a + 9. What is l(5)?
4
Let b(g) = 21*g**2 + 127*g - 4. Give b(-6).
-10
Let m(b) = 2*b**3 - 31*b**2 + 15*b. Give m(15).
0
Let q(p) = 2*p**3 + 34*p**2 + p - 12. Determine q(-17).
-29
Let r(w) = 3*w**2 + 7*w - 9. Determine r(-4).
11
Let z(u) = u**2 + 4*u - 12. What is z(-7)?
9
Let l(r) = -2*r**2 + 8*r + 3. What is l(7)?
-39
Let o(g) = -g**3 + 14*g**2 - 28*g + 50. Give o(12).
2
Let i(m) = 10*m + 69. What is i(-19)?
-121
Let u(r) = r**3 - 31*r**2 + 109*r - 3. What is u(4)?
1
Let m(h) = -h**3 + 12*h**2 - 26*h - 11. Determine m(9).
-2
Let j(k) = 4*k + 24. Determine j(-9).
-12
Let s(f) = -f**3 - 44*f**2 + 48*f + 139. Calculate s(-45).
4
Let w(t) = 10*t + 51. What is w(-10)?
-49
Let t(o) = o**3 - 7*o**2 + 8*o - 15. Calculate t(6).
-3
Let h(w) = -w**2 - 3*w + 7. Calculate h(7).
-63
Let m(c) = c**2 + 6*c - 7. What is m(-7)?
0
Let m(p) = 4*p**2 + 11*p + 4. Give m(-3).
7
Let j(p) = p**2 + 19*p + 75. Calculate j(-7).
-9
Let o(z) = z**3 - 9*z**2 + 3. Determine o(9).
3
Let s(u) = 83*u - 4. Determine s(-1).
-87
Let n(k) = 15*k**2 + 4*k + 1. What is n(-1)?
12
Let l(f) = f - 5. Calculate l(3).
-2
Let i(a) = a**3 - 9*a**2 + 7*a + 48. Calculate i(7).
-1
Let c(q) = 5*q**2 - 33*q - 7. What is c(7)?
7
Let j(d) = d**3 + 16*d**2 - 16*d + 13. Give j(-17).
-4
Let n(i) = -4*i - 138. Determine n(-33).
-6
Let y(p) = -p**3 - 5*p**2 + 4*p - 12. What is y(-6)?
0
Let s(d) = d**2 + 8*d - 4. What is s(-6)?
-16
Let a(z) = 8*z - 183. What is a(24)?
9
Let u(x) = -2*x**3 + 10*x - 9. Calculate u(-4).
79
Let r(u) = -u**3 - 4*u**2 + 4*u + 7. Calculate r(-5).
12
Let s(t) = t + 13. Determine s(4).
17
Let x(w) = w**2 - 24. Calculate x(6).
12
Let d(x) = x**3 + 8*x**2 - x - 4. What is d(-8)?
4
Let g(b) = -b**2 + b + 3. Determine g(7).
-39
Let v(x) = -x**2 - 3*x - 6. Determine v(-5).
-16
Let c(j) = j**2 - 2*j - 3. What is c(-3)?
12
Let d(u) = u**3 + 15*u**2 - 15*u + 24. Calculate d(-16).
8
Let w(r) = r**3 + 2*r**2 + 6*r + 2. What is w(-3)?
-25
Let i(h) = 8*h**2 + 13*h - 5. Give i(-4).
71
Let f(n) = -n**2 + 8*n + 9. Determine f(8).
9
Let h(d) = d**3 + 4*d**2 - 2*d + 4. Determine h(-4).
12
Let u(x) = x**2 - 9*x + 9. What is u(9)?
9
Let f(n) = n**2 - 8*n + 14. Calculate f(8).
14
Let v(r) = 14*r - 4. What is v(-1)?
-18
Let p(m) = -14*m**2 + 58*m - 3. Calculate p(4).
5
Let t(q) = 3*q**2 + 1. What is t(-1)?
4
Let b(c) = 2*c**3 + c**2 - 7*c + 1. Calculate b(2).
7
Let o(b) = -b**2 + 3*b + 5. Determine o(0).
5
Let b(o) = -4*o - 1. Give b(9).
-37
Let k(b) = -b**2 - 7*b + 11. Give k(-9).
-7
Let w(d) = -53*d + 195. What is w(4)?
-17
Let m(y) = -3*y**3 - 24*y**2 + 3*y + 17. What is m(-8)?
-7
Let t(d) = -41*d + 371. Determine t(9).
2
Let q(n) = n**2 - 6*n + 3. Determine q(7).
10
Let h(q) = 4*q - 20. Determine h(3).
-8
Let h(v) = v**3 + v**2 + 1. Determine h(-2).
-3
Let y(i) = i + 8. Give y(0).
8
Let x(r) = 5*r + 92. Determine x(-17).
7
Let m(k) = k**3 - 38*k**2 - 82*k + 84. What is m(40)?
4
Let h(z) = 2*z**2 - 7*z - 91. Calculate h(9).
8
Let p(d) = -d**2 + 127*d - 251. Calculate p(2).
-1
Let g(z) = z + 13. Give g(-5).
8
Let w(j) = -j**2 - 15*j + 6. What is w(-15)?
6
Let s(z) = -2*z**2 + 26*z + 59. Calculate s(15).
-1
Let w(q) = -4*q**2 - 3*q - 1. Determine w(-3).
-28
Let m(j) = j - 2. Determine m(2).
0
Let o(w) = w**2 - 4*w + 6. What is o(-6)?
66
Let v(c) = -c**2 + 7*c - 4. What is v(3)?
8
Let i(o) = o**2 - 24*o + 33. What is i(24)?
33
Let j(c) = -32*c + 2. What is j(1)?
-30
Let p(k) = k**3 + 6*k**2 + 9. What is p(-7)?
-40
Let z(b) = b**3 + 10*b**2 - 16*b - 5. Determine z(-12).
-101
Let j(f) = 3*f**2 - 6*f - 41. Give j(5).
4
Let g(y) = -y**3 - 4*y**2 + 6*y - 14. Calculate g(-6).
22
Let t(a) = -8*a - 11. Give t(-1).
-3
Let k(r) = -5*r - 65. Calculate k(-13).
0
Let i(c) = -c - 7. Determine i(-4).
-3
Let l(x) = x**3 - 6*x**2 + 5*x - 23. Determine l(6).
7
Let k(v) = -v**2 - 7*v - 6. Determine k(-8).
-14
Let j(a) = 9*a - 11. Calculate j(6).
43
Let f(s) = -s**3 + 8*s**2 - 4*s + 5. What is f(7)?
26
Let x(j) = j + 4. What is x(-5)?
-1
Let b(o) = o**3 - 10*o**2 + 22*o - 137. Calculate b(9).
-20
Let u(o) = o**2 - 28*o - 11. Determine u(29).
18
Let z(y) = 4*y - 31. Give z(7).
-3
Let d(j) = -14*j**3 + 3*j + 3. Determine d(-2).
109
Let n(y) = y - 22. Determine n(8).
-14
Let d(w) = -w + 12. Determine d(0).
12
Let v(l) = 4*l - 20. Give v(5).
0
Let g(f) = -f**2 - 22*f - 69. Determine g(-4).
3
Let s(q) = -7*q**2 - 6*q - 15. What is s(-3)?
-60
Let k(z) = -2*z**2 - 6*z + 4. What is k(-6)?
-32
Let o(y) = -5*y**2 + 2*y - 3. What is o(1)?
-6
Let p(l) = 8*l + 3. Give p(3).
27
Let b(s) = s**2 - 4*s + 10. Determine b(5).
15
Let y(g) = g**3 + 9*g**2 + 9*g + 5. Give y(-8).
-3
Let w(j) = 7*j + 82. Calculate w(-16).
-30
Let a(o) = 21*o**2 - 106*o - 3. Calculate a(5).
-8
Let p(l) = l**3 - 16*l**2 - 12*l - 79. Calculate p(17).
6
Let b(f) = f - 5. Calculate b(10).
5
Let a(g) = 2*g**2 - g - 4. Determine a(3).
11
Let i(v) = -2*v - 6. Determine i(-4).
2
Let h(y) = y**3 - y + 2. Give h(0).
2
Let l(x) = 8*x**2 + x + 2. Determine l(2).
36
Let s(a) = a**2 - 25*a + 50. Give s(16).
-94
Let q(l) = 3*l - 95. Calculate q(25).
-20
Let r(u) = 7*u - 176. Calculate r(25).
-1
Let p(o) = -o**3 - 9*o**2 + 3*o + 37. Determine p(-9).
10
Let b(r) = -r**2 - 3*r - 3. Determine b(4).
-31
Let v(d) = d**3 - 4*d**2 - 10*d + 7. What is v(6)?
19
Let r(n) = n**2 + 9*n + 8. Determine r(-10).
18
Let q(u) = 22*u - 137. Calculate q(7).
17
Let f(w) = -w**3 - 2*w**2 - 3*w - 2. What is f(0)?
-2
Let z(w) = w**3 - 9*w**2 + 11*w - 8. Calculate z(7).
-29
Let q(n) = -n**2 + 4*n + 229. Calculate q(-14).
-23
Let x(p) = p**3 + 5*p**2 + p + 1. Give x(-4).
13
Let d(z) = -2*z**2 + 32*z - 30. Determine d(15).
0
Let b(i) = -i**3 + 9*i**2 - 8*i - 5. What is b(8)?
-5
Let j(m) = -m**3 - 6*m**2 - 5*m + 4. Give j(-5).
4
Let p(q) = -q**2 - 5*q + 5. Calculate p(-7).
-9
Let w(r) = -2*r**3 + r**2 - r + 10. Give w(3).
-38
Let d(c) = 36*c**3 + c**2 + 3*c + 3. Determine d(-1).
-35
Let p(j) = j**2 + 6*j + 11. Give p(-5).
6
Let i(w) = w**2 + 15*w - 4. Calculate i(-15).
-4
Let r(c) = -20*c - 105. What is r(-6)?
15
Let h(g) = 6*g + 30. What is h(-8)?
-18
Let k(q) = q**3 + 6*q**2 + 5*q - 4. What is k(-3)?
8
Let b(w) = w**3 + 2*w**2. Give b(-3).
-9
Let r(q) = 16*q**3 - 3*q - 3. Determine r(-1).
-16
Let s(a) = -9*a - 552. Calculate s(-62).
6
Let b(u) = 4*u - 1. Give b(2).
7
Let j(h) = -h**2 - 55*h - 42. Calculate j(-55).
-42
Let q(d) = d**3 + 3*d**2 - 12*d + 2. What is q(3)?
20
Let s(v) = -v**3 - 6*v**2 + 18*v + 20. What is s(-8)?
4
Let a(u) = -u**3 - 4*u**2 + 2*u + 4. What is a(-2)?
-8
Let c(q) = -q - 10. Calculate c(-6).
-4
Let x(a) = a**3 + 13*a**2 - a - 10. Determine x(-13).
3
Let x(c) = 8*c - 15. Calculate x(-5).
-55
Let m(r) = -35*r + 15. Calculate m(3).
-90
Let t(n) = -4*n**2 - 12*n - 6. What is t(-4)?
-22
Let l(x) = 5*x**2 + 132*x + 53. Calculate l(-26).
1
Let u(v) = -6*v + 46. Determine u(7).
4
Let a(r) = 12*r + 54. Determine a(-5).
-6
Let c(k) = -k**3 + 8*k**2 - 6*k - 9. What is c(7)?
-2
Let v(d) = -3*d - 25. Give v(3).
-34
Let u(p) = -p**3 + 3*p**2 - 9. Calculate u(5).
-59
Let z(o) = 5*o**3 - 2*o**2 - 2*o + 2. What is z(3)?
113
Let v(x) = 16*x - 444. Determine v(28).
4
Let z(j) = j**3 - 25*j**2 - 27*j + 15. What is z(26)?
-11
Let g(o) = o + 47. Calculate g(-59).
-12
Let r(q) = -3*q**2 + 3*q + 9. Give r(4).
-27
Let o(c) = -10*c**3 + 2*c**2 - 1. Calculate o(-1).
11
Let f(g) = 3*g**2 + 52*g + 99. Calculate f(-2).
7
Let o(b) = b**2 - 7*b + 1. Calculate o(7).
1
Let q(s) = -s + 5. Calculate q(23).
-18
Let l(y) = -2*y**2 - 8*y - 5. Determine l(-